 1229 = 26*n - 25*n. Is n composite?
False
Suppose -q = 9 - 62. Is q composite?
False
Let y(t) = 29*t - 26. Is y(9) a prime number?
False
Let p = -104 - -213. Suppose 5*f - 100 = c, 5*c = -5*f + f + p. Is 1*(-2 - 0) + f prime?
True
Suppose 2*t + 88 = -6. Let o = t - -26. Is o/14 - 106/(-4) prime?
False
Let s be -6*3/4*-12. Suppose -3*g + s + 3 = 0. Is g a composite number?
False
Let q(b) be the second derivative of b**5/40 + 13*b**4/24 + 2*b**3/3 + 3*b. Let v(t) be the second derivative of q(t). Is v(6) a composite number?
False
Let q(d) = -d**3 - 3*d**2 + 4*d + 2. Let p be q(-4). Let s be 3 + -1 + -1 + 23. Suppose 270 - s = p*h. Is h a composite number?
True
Is (18/(-12))/(-3*(-2)/(-296)) a prime number?
False
Let j(o) = 202*o**2 - o. Is j(-1) a composite number?
True
Let v be (-5304)/(-10) - (-3)/5. Is (-2)/(-3)*v/6 a composite number?
False
Suppose -165 = -5*k + 3*u, -4*u - 66 = -2*k - 3*u. Let d(v) = -2*v**3 - 22*v**2 - v - 9. Let h be d(-11). Suppose -h*o + 5*o = k. Is o a composite number?
False
Let p(g) = -32*g + 1. Let n be p(-1). Let c = -14 + n. Suppose 4*t = 5*t - c. Is t composite?
False
Suppose 0 = w + w + j - 9, -w + 4*j = 9. Suppose -18 + 6 = w*v, -3*v - 187 = -5*n. Is n prime?
False
Suppose l + 3*r = -60 - 4, 0 = -5*l + 5*r - 340. Suppose 0 = b + 5*s + 101, 2*s = b + 34 + 102. Let z = l - b. Is z composite?
False
Suppose -4*d = 4*r - 4, 5*d + r + 0*r - 21 = 0. Suppose -c - 3*c = 4*s - 1196, d*c - 1495 = s. Is c composite?
True
Let c = 145 + 4. Is c a prime number?
True
Suppose -5*z = -5*o + 105, -7*o + 3*o + 75 = 5*z. Let r be (15/(-10))/((-6)/o). Suppose r*g - 2*p - 65 = 0, -g + 5*p + 52 = 3*g. Is g composite?
False
Let x be 5 + (2 - 2) + 0. Suppose -x*i + 857 = -3*q, -i - 2*q = -101 - 60. Is i prime?
False
Suppose 17 - 2 = 5*h. Suppose h*y + y - 1868 = 0. Is y a composite number?
False
Let f = -17 + -28. Let p be (-10)/f - 52/(-9). Is 4/p*-3 - -165 a prime number?
True
Let j(i) = 19*i**2 + 5*i - 7. Let l(q) = -q**3 + 3*q**2 + 4*q + 4. Let y be l(4). Is j(y) a prime number?
True
Let s(c) = -23*c - 25. Is s(-26) prime?
False
Suppose 2203 = x + 2*s - 1044, 3*s + 9741 = 3*x. Is x prime?
False
Suppose 2*o - 10*m + 6*m = 3986, -9944 = -5*o + 3*m. Is o prime?
True
Let i(v) = v**2 + 1. Let s(w) = 5*w**3 - 10*w**2 + 3*w - 5. Let m(n) = 6*i(n) + s(n). Is m(3) a prime number?
True
Let g(d) = -3 - 32*d + 6 + 1. Let v be g(-4). Is v/2 + 3*1 a prime number?
False
Let z(f) = f**3 + 6*f**2 + 3*f - 7. Let a be z(-5). Suppose -4*n - 2*c + 886 = 0, n + 4*c = -a*n + 888. Is n a prime number?
False
Let k(h) = 2*h**2 - h + 3. Is k(-4) a prime number?
False
Suppose -3*w + u = 6*u + 164, w = u - 68. Let y be 10/25 + 24/15. Is (0 + y)/((-6)/w) a composite number?
True
Suppose 8*s = 2451 + 4517. Is s a prime number?
False
Let j(l) = 3*l**2 + 4*l + 1. Let m(u) = 2*u**2 + 4*u + 1. Let g(f) = 4*j(f) - 3*m(f). Suppose 2*z + 2*z - 12 = 0. Is g(z) composite?
False
Let j = 9 + -9. Suppose j = -h + 4*h - 5*x - 107, -5*x = 5. Is h a composite number?
True
Suppose -4*l + 248 = 4*g, -301 = -8*l + 3*l - 2*g. Is l prime?
True
Let f = -38 + 21. Let c = 36 - f. Is c a composite number?
False
Suppose 373 + 7 = 4*c. Let j = 141 - c. Let l = j - 20. Is l composite?
True
Suppose 3 = 7*d - 2*d - 3*c, 5*d = -5*c - 5. Suppose n + d*n = 15. Is n a composite number?
True
Suppose 2*j - 4*x - 646 = j, -2*j + 1340 = 4*x. Is j prime?
False
Let u(q) = -30*q**3 - q**2 + 1. Let t be u(-1). Let b = t - 11. Is b composite?
False
Let t = 34 - -33. Is t a composite number?
False
Let m be -2*9/(-6) - -1. Is ((-2)/m)/(1/(-44)) a composite number?
True
Let q be 1 + 43 - (4 - 2). Suppose -3*w - q = -w. Let h = 58 + w. Is h composite?
False
Let u(o) = o**2 - 2*o - 1. Let q be u(-1). Suppose -326 = -q*z - 0*z. Is z a composite number?
False
Is ((-1)/2)/((-2145)/714 - -3) composite?
True
Suppose f = 260 - 49. Is f a prime number?
True
Let m = 1 - -1. Let l(w) = 222*w**2 + 3*w - 5. Is l(m) a composite number?
True
Suppose 0 = p + 3*f - 65, -7*p + 285 = -2*p - 5*f. Is p prime?
True
Let v be 2 - (-3 - (-1 - 0)). Let q = -1 + v. Suppose o = -4*m + 47, -o + q*m + 6 + 13 = 0. Is o composite?
False
Suppose -z + 5*d + 570 = 0, -554 - 13 = -z + 2*d. Is z composite?
True
Let g = -2991 + 4936. Is g a composite number?
True
Let l = 727 + -434. Is l prime?
True
Suppose 2*u + 5*c + 385 = 6*u, 0 = 3*u + 3*c - 282. Is u composite?
True
Suppose -2*o = -59 + 15. Is o composite?
True
Suppose -10 = -2*v - 3*v. Suppose 2*c + 0*n = 3*n + 22, -v*c + 26 = -n. Is c prime?
False
Let c = 1954 - 857. Is c a prime number?
True
Let l = -1199 - -2300. Is l a composite number?
True
Let j(k) = -k + 7*k - 11*k - 3 - 13*k. Is j(-5) composite?
True
Is 152 - 6*3/6 a composite number?
False
Suppose 0 = -4*f - 8*g + 4*g, -5*f + 14 = -2*g. Let y be 11/(-11)*(-1)/(-1)*-133. Suppose -3*s = -f*s - y. Is s composite?
True
Let a(d) = -89*d + 7. Let y be a(-3). Suppose 2*n - h - y = -3*h, 5*n = -4*h + 681. Is n a prime number?
False
Is 974 + (8 - (2 - -3)) a prime number?
True
Suppose 6*y - 2066 - 172 = 0. Let i(b) = 535*b + 1. Let p be i(1). Let l = p - y. Is l a composite number?
False
Suppose 0 = -3*c - 5*v + 738, -220 = -c + v + 34. Is c prime?
True
Suppose v = 25 + 132. Is v composite?
False
Let x = 63 + -12. Let y = -16 + x. Is y prime?
False
Let g be (5/(-3))/((-2)/6). Let c be 60 - 4/(8/6). Suppose g*o - 118 = c. Is o prime?
False
Suppose -4*x = -m + 223, 5*m - 1043 = -0*m - 4*x. Is m a composite number?
False
Let l = 937 - -52. Is l composite?
True
Suppose -5*w = 35 - 0. Let t = 7 + w. Suppose 5*n - 529 = -5*f + 236, t = 4*n + 2*f - 616. Is n a prime number?
False
Let k(w) be the third derivative of 0 + 1/40*w**6 - 1/60*w**5 + 0*w - w**2 + 0*w**4 + 0*w**3. Is k(1) prime?
True
Let c be 186 + 1 - (-4 - -1). Suppose -5*s + c = h, -5*h - 86 = -0*s - 3*s. Is s composite?
False
Let s(u) = -u**3 + 11*u**2 + u - 16. Let d = -6 + 17. Let g be s(d). Is 51 + g/(15/6) composite?
True
Suppose -3*j - 10423 = -4*p, 3 = 3*j + 6. Suppose 0*o - 5*o + p = 0. Is o prime?
True
Let x(g) = -5036*g. Let v be x(-3). Is (-4)/6 - v/(-36) a composite number?
False
Let s(x) be the first derivative of -x**2/2 + 10*x - 4. Let o be s(6). Suppose 360 = o*y + 84. Is y a composite number?
True
Let x = -726 + 1637. Is x composite?
False
Let u = -4226 + 6045. Is u prime?
False
Let j = 30 + -14. Suppose -j = -3*n + n - 5*c, -22 = -2*n - 2*c. Is n a prime number?
True
Suppose -j - 2*n - 4 = -2, -4*j - 3*n - 3 = 0. Let x(k) = k**3 + k + 83. Is x(j) a prime number?
True
Suppose -b + 5 = -10. Suppose -7*o + b = -2*o. Is o a composite number?
False
Let t(f) = 88*f. Let y be t(2). Suppose -v + 4*h + y = 3*v, 4*v + 4*h = 136. Let b = v - 6. Is b prime?
False
Let x(a) = -2 + 2*a + 4 - 5 + a**2 + 0. Let c be x(-4). Suppose -490 = -c*q + 4*t, -3*q - 93 + 390 = -3*t. Is q a composite number?
True
Suppose 5*s + s = 186. Is s prime?
True
Let i = 65 + -32. Suppose 2*y + 61 = -5*n - 1, n - 3*y = -26. Let d = n + i. Is d a prime number?
True
Let a = -191 - -322. Is a composite?
False
Let g be (-1)/(-2) + (-1298)/(-4). Suppose 1595 = 2*x + g. Is x prime?
False
Let r be 141/27 + (-4)/18. Let s be (-1 + r)/(2/4). Is ((-12)/s)/(3/(-68)) prime?
False
Let g = -64 - -59. Let l(p) = 32*p + 5. Let k(d) = -31*d - 4. Let b(h) = -2*k(h) - 3*l(h). Is b(g) a composite number?
False
Suppose -4*v + 281 - 1285 = -4*j, v = 0. Is j prime?
True
Suppose -2*u + 5*z = 11, 0*u = -3*u + 4*z - 20. Let w(p) = p**3 + 7*p**2 - 10*p - 11. Let a be w(u). Let v = a + 17. Is v a composite number?
True
Suppose 28 - 2 = 2*o. Is o a prime number?
True
Let j be (-2)/(-10) - (-28)/10. Let f be ((-1)/j)/((-1)/3). Is (74/4)/(f/2) prime?
True
Let d be -2*((-3 - -2) + 0). Suppose -3*h - 4*s + 253 + 66 = 0, 0 = -d*s - 10. Is h prime?
True
Suppose -204 = 3*n - 7*n. Is n a prime number?
False
Let q(f) = 17*f**2 - 3*f - 1. Let k(c) = -c**3 - 6*c**2 - 3*c + 7. Let r be k(-5). Is q(r) composite?
True
Suppose w + 110 = 2. Let s = -75 - w. Suppose -4*f + 43 = -s. Is f composite?
False
Let f = 88 - -121. Is f composite?
True
Let v(b) = b**3 + 18*b**2 - b - 16. Let i be v(-18). Suppose 0 = -4*o - 5*d + 4*d + 1272, -2*o + 646 = -i*d. Is o a prime number?
False
Let b = 202 - -211. Is b prime?
False
Let u = 4 + -5. Is u/(1*(-1)/53